.
2, 5, 11, 149
List the prime factors of 1179642.
2, 3, 421, 467
List the prime factors of 254574.
2, 3, 14143
What are the prime factors of 1935860?
2, 5, 43, 2251
What are the prime factors of 10705163?
7, 1529309
What are the prime factors of 7328482?
2, 7, 523463
List the prime factors of 800045.
5, 160009
List the prime factors of 430223.
109, 3947
List the prime factors of 367980.
2, 3, 5, 6133
What are the prime factors of 645402?
2, 3, 263, 409
List the prime factors of 287099.
287099
What are the prime factors of 328839?
3, 7, 2237
What are the prime factors of 9711790?
2, 5, 11, 88289
What are the prime factors of 1085882?
2, 7, 77563
What are the prime factors of 1429083?
3, 5881
What are the prime factors of 64348?
2, 16087
What are the prime factors of 40900289?
569, 71881
List the prime factors of 229179.
3, 79, 967
List the prime factors of 331490.
2, 5, 33149
What are the prime factors of 12967809?
3, 4322603
What are the prime factors of 168051?
3, 13, 31, 139
What are the prime factors of 105317?
19, 23, 241
List the prime factors of 28584039.
3, 11, 866183
What are the prime factors of 10442393?
13, 449, 1789
List the prime factors of 435259.
11, 39569
List the prime factors of 2754730.
2, 5, 11, 79, 317
What are the prime factors of 3065275?
5, 122611
List the prime factors of 3932551.
7, 347, 1619
List the prime factors of 7757848.
2, 7, 17, 29, 281
List the prime factors of 184731.
3, 139, 443
What are the prime factors of 18050014?
2, 1543, 5849
List the prime factors of 4606482.
2, 3, 767747
List the prime factors of 15103536.
2, 3, 7, 79, 569
List the prime factors of 11679002.
2, 31, 113, 1667
What are the prime factors of 10225607?
7, 67, 21803
What are the prime factors of 257126?
2, 128563
What are the prime factors of 9274766?
2, 31, 227, 659
List the prime factors of 208767.
3, 13, 53, 101
What are the prime factors of 189746?
2, 94873
What are the prime factors of 1610473?
1610473
What are the prime factors of 236323?
236323
What are the prime factors of 1366180?
2, 5, 83, 823
List the prime factors of 189866.
2, 94933
What are the prime factors of 3026106?
2, 3, 56039
List the prime factors of 9907720.
2, 5, 247693
What are the prime factors of 2782250?
2, 5, 31, 359
List the prime factors of 8307842.
2, 1979, 2099
List the prime factors of 209807.
13, 16139
What are the prime factors of 7242804?
2, 3, 199, 337
What are the prime factors of 1945699?
7, 239, 1163
What are the prime factors of 6756108?
2, 3, 563009
What are the prime factors of 813168?
2, 3, 5647
List the prime factors of 93223.
13, 71, 101
What are the prime factors of 14363983?
23, 624521
List the prime factors of 126972.
2, 3, 3527
List the prime factors of 3955999.
3955999
What are the prime factors of 2910225?
3, 5, 38803
What are the prime factors of 332883?
3, 12329
What are the prime factors of 3902759?
7, 557537
What are the prime factors of 3953617?
3953617
List the prime factors of 5439103.
263, 20681
What are the prime factors of 1818578?
2, 909289
List the prime factors of 988281.
3, 7, 83
List the prime factors of 201609.
3, 19, 131
List the prime factors of 355837.
47, 67, 113
What are the prime factors of 306539?
317, 967
List the prime factors of 31917.
3, 10639
List the prime factors of 7270550.
2, 5, 7, 20773
List the prime factors of 1234634.
2, 59, 10463
What are the prime factors of 12505657?
89, 227, 619
What are the prime factors of 190453?
227, 839
What are the prime factors of 1274163?
3, 11, 38611
What are the prime factors of 1816237?
1816237
What are the prime factors of 235271?
149, 1579
List the prime factors of 565997.
565997
What are the prime factors of 10204976?
2, 19, 33569
What are the prime factors of 1997416?
2, 249677
List the prime factors of 231759.
3, 11, 2341
What are the prime factors of 2157451?
2157451
What are the prime factors of 29393741?
13, 19, 59, 2017
List the prime factors of 324886.
2, 61, 2663
What are the prime factors of 3241058?
2, 19, 67
List the prime factors of 354932.
2, 89, 997
List the prime factors of 16560509.
7, 2365787
List the prime factors of 2470205.
5, 494041
What are the prime factors of 24222253?
11, 31, 251, 283
What are the prime factors of 4198368?
2, 3, 101, 433
What are the prime factors of 4178708?
2, 19, 54983
What are the prime factors of 1179688?
2, 167, 883
List the prime factors of 566415.
3, 5, 41, 307
List the prime factors of 29260953.
3, 997, 1087
What are the prime factors of 880909?
880909
List the prime factors of 340977.
3, 7, 13, 1249
What are the prime factors of 869170?
2, 5, 23, 3779
What are the prime factors of 2560668?
2, 3, 11, 19, 1021
List the prime factors of 8016767.
11, 593, 1229
What are the prime factors of 524990?
2, 5, 47, 1117
What are the prime factors of 239278?
2, 13, 9203
List the prime factors of 36866.
2, 18433
List the prime factors of 324649.
13, 17, 113
What are the prime factors of 2879600?
2, 5, 23, 313
List the prime factors of 319036.
2, 47, 1697
What are the prime factors of 6007548?
2, 3, 500629
List the prime factors of 1011234.
2, 3, 7, 24077
What are the prime factors of 992471?
67, 14813
What are the prime factors of 3133187?
503, 6229
List the prime factors of 693543.
3, 151, 1531
What are the prime factors of 4274301?
3, 1424767
List the prime factors of 1180361.
7, 13, 17, 109
List the prime factors of 1719833.
71, 24223
List the prime factors of 285686.
2, 83, 1721
List the prime factors of 631168.
2, 4931
What are the prime factors of 2110110?
2, 3, 5, 37, 1901
List the prime factors of 38464.
2, 601
List the prime factors of 155336.
2, 19417
List the prime factors of 310796.
2, 77699
What are the prime factors of 158832?
2, 3, 1103
List the prime factors of 20782.
2, 10391
List the prime factors of 5265500.
2, 5, 10531
List the prime factors of 423528.
2, 3, 7, 2521
What are the prime factors of 1062066?
2, 3, 177011
What are the prime factors of 38369151?
3, 19, 173, 1297
What are the prime factors of 850920?
2, 3, 5, 7, 1013
What are the prime factors of 14637938?
2, 7, 631, 1657
What are the prime factors of 308715?
3, 5, 11, 1871
What are the prime factors of 1779837?
3, 151, 3929
List the prime factors of 10435780.
2, 5, 521789
List the prime factors of 6965370.
2, 3, 5, 193, 401
List the prime factors of 123630.
2, 3, 5, 13, 317
What are the prime factors of 217672?
2, 7, 13, 23
List the prime factors of 956058.
2, 3, 79, 2017
List the prime factors of 6123110.
2, 5, 7, 87473
What are the prime factors of 743580?
2, 3, 5, 17
List the prime factors of 2216850.
2, 3, 5, 14779
List the prime factors of 10440449.
10440449
What are the prime factors of 5436083?
59, 199, 463
What are the prime factors of 347687?
59, 71, 83
What are the prime factors of 124237?
283, 439
What are the prime factors of 5247038?
2, 67, 39157
List the prime factors of 782778.
2, 3, 283, 461
What are the prime factors of 6533802?
2, 3, 11, 32999
What are the prime factors of 1770126?
2, 3, 23, 101, 127
What are the prime factors of 385625?
5, 617
List the prime factors of 1075147.
1075147
List the prime factors of 47715.
3, 5, 3181
List the prime factors of 3820309.
59, 73, 887
What are the prime factors of 341868?
2, 3, 31, 919
What are the prime factors of 75706?
2, 37853
List the prime factors of 64553.
64553
What are the prime factors of 24860644?
2, 947, 6563
List the prime factors of 223622.
2, 7, 15973
What are the prime factors of 124318?
2, 61, 1019
List the prime factors of 323053.
323053
List the prime factors of 827715.
3, 5, 7, 7883
What are the prime factors of 289259?
139, 2081
List the prime factors of 522209.
53, 59, 167
What are the prime factors of 27679569?
3, 47, 109, 1801
List the prime factors of 385806.
2, 3, 64301
List the prime factors of 182645.
5, 36529
List the prime factors of 295119.
3, 11, 271
List the prime factors of 223755.
3, 5, 7, 2131
List the prime factors of 5171960.
2, 5, 239, 541
What are the prime factors of 19698359?
17, 773, 1499
List the prime factors of 14376393.
3, 709, 751
What are the prime factors of 4030156?
2, 13, 17, 47, 97
What are the prime factors of 1088314?
2, 23, 59, 401
What are the prime factors of 28693396?
2, 7173349
List the prime factors of 96069.
3, 31, 1033
What